 (-2)/16 - u/(-296). Determine t(x).
4
Suppose -176*o + 5*o = -1539. Let n(t) = -t**3 + 6*t**2 + 10*t + 8. Calculate n(o).
-145
Let m(u) = u**3 + u**2 - 4*u + 6. Let y(k) = -k**3 + 4*k - 6. Let b be 4/16*6*2. Let p(i) = b*m(i) + 4*y(i). Suppose -40 = -6*l - 4*l. Give p(l).
-6
Suppose 0 = 2*k + 5*n + 44 + 27, 2*k - n + 29 = 0. Let f(a) = a - 10. Calculate f(k).
-28
Suppose -97*h - 364 + 558 = 0. Let d(i) = -6*i**2 + 10*i - 6. What is d(h)?
-10
Let n(t) be the third derivative of 0 + 1/12*t**4 + 1/120*t**6 + 1/20*t**5 - 11*t**2 + 0*t + 1/3*t**3. What is n(-3)?
-4
Let b(z) = -3*z**2 + 5*z - 2. Suppose -2*j - v = -9, 4*j - 2*v - 2 = 20. Let f(q) = -q**3 + 6*q**2 - 4*q - 2. Let l be f(j). Give b(l).
-14
Let i(v) = 5*v**2 - 5*v + 41*v - 7*v**2 - 11*v - 36. Determine i(11).
-3
Let l(f) = -f**3 + 4*f**2 + 5*f + 5. Let c(r) be the second derivative of r**5/10 + 3*r**4/4 - 5*r**3/6 + 5*r**2/2 + 14*r. Let a be c(-5). Determine l(a).
5
Let o(d) be the third derivative of 24*d**2 + 0 - 1/12*d**4 + 0*d + 1/6*d**3 - 1/60*d**5. Suppose b + v + 2 = 0, 4*b - 5*v - 37 = -0*v. Calculate o(b).
-14
Let h(z) = -z + 5. Suppose 3*a + 235 = 4*r, a + 2*a + 247 = -2*r. Let o = a - -121. Let n be ((-26)/10 - -1)/(o/(-100)). Determine h(n).
1
Let r(d) be the first derivative of 9*d + 1/2*d**2 + 43. Let v(z) = z**3 - 7*z**2 + 4*z + 7. Let g be v(6). Calculate r(g).
4
Let f be (-5)/3 + (-2)/6. Let z(s) = 3*s**2 - 7*s - 33. Let x be z(-3). Let l be (x/90)/(f/(-12)). Let i(t) = -8*t**2 + t. What is i(l)?
-7
Let h(y) = -3*y - 86. Let n(z) = -92*z + 2925. Let t be n(32). What is h(t)?
-29
Let u(o) = -2*o + 3. Suppose -k - 5*n = -3, 5*k + 3*n - 2*n - 39 = 0. Suppose -14 = 4*r - k*r + 2*m, -3 = -m. Determine u(r).
-7
Let l = 1024 - 1018. Let c(i) = -i + 18. Give c(l).
12
Let p(n) = -n**3 - 10*n**2 - 12*n + 1. Let z = 7599 - 7609. Give p(z).
121
Suppose 2*y - 2*a + 1012 = -62, -3*a + 1070 = -2*y. Let v = y - -556. Let o(r) = r**2 - 17*r + 36. What is o(v)?
6
Let n(z) = 2*z**2 - 4*z - 23. Suppose 186 = -8*p + 154. Calculate n(p).
25
Let t(a) be the first derivative of -a**5/60 - a**4/4 - 50*a**3/3 + 295. Let q(b) be the third derivative of t(b). Calculate q(-3).
0
Let d(v) = -384*v - 212. Let w(b) = 82*b - 1. Let i(r) = d(r) + 5*w(r). Determine i(8).
-9
Let j(v) be the first derivative of -v**3/3 + 9*v**2/2 - 14*v - 64. Let c be j(7). Let l(f) = -f**2 - f + 6. What is l(c)?
6
Let k(v) = 11*v**3 + 31*v**2 - 16*v - 11. Let a(t) = 4*t**3 + 11*t**2 - 6*t - 4. Let j(b) = -8*a(b) + 3*k(b). Suppose 0 = 13*r - 574 + 639. Determine j(r).
-1
Let y(w) = w**2 - 6*w + 3. Let f(n) = -n**2 + 8*n - 4. Let u(b) = -3*f(b) - 4*y(b). Suppose 20 = -3*a + 14. Determine u(a).
-4
Let u(t) = -5*t**2 - 3*t + 7. Let x be u(3). Let a = -36 - x. Let p(m) = -4*m + 35. Let j be p(a). Let s(l) = l**2 + 9*l - 5. Give s(j).
-5
Let g be (-144)/(-32) - (-10)/(-4). Let y(b) = b + 20*b**3 - 27*b**3 + 9*b**g + 5 - 11*b + 7. Let v(n) = -n**3. Let r(o) = -6*v(o) + y(o). What is r(8)?
-4
Let u be (-10)/(-4) + 4/64*8. Suppose -3*y + u*p - 50 = y, 0 = -4*y + p - 46. Let k(i) = -i**3 - 11*i**2 - 2*i - 6. Determine k(y).
16
Let g be -1 + 68/(-3) + -18 + 318/18. Let h(c) = 2*c**2 + 51*c + 78. What is h(g)?
6
Let d(q) = -8. Let j be (14/(-6) + 2)*15. Let n(r) = -r - 7. Suppose -28*s + 44*s - 64 = 0. Let i(v) = j*n(v) + s*d(v). Calculate i(-2).
-7
Let u(j) = 2 - j + 98*j**2 + 8*j**2 - 105*j**2. Give u(1).
2
Suppose 464 - 572 = -27*x. Suppose 5*w + t - 12 = -0*t, -5*w + 18 = -t. Let b(i) = -3*i - 1 - 5*i**2 + 2*i**2 + 4 + i**w + 0*i**2. Determine b(x).
7
Let o(j) be the first derivative of -5*j**2/2 - 68*j - 632. What is o(-13)?
-3
Let v(a) = 0*a - 18*a + 5*a - 5*a**2 + 11*a + 3*a + 2. Let m(c) = -2*c + 14*c**2 - 5 - 4*c + 2*c. Let i(n) = 6*m(n) + 17*v(n). Calculate i(-6).
10
Let c(p) be the third derivative of p**4/3 - 49*p**3/6 - 435*p**2. Calculate c(7).
7
Let x(q) = -q**3 - 10*q**2 - 4*q - 11. Let l = 111 - 120. What is x(l)?
-56
Let v(i) = 3*i**3 - i**2 - 4*i - 2. Let d = 24293 + -24291. Give v(d).
10
Let i(r) = 4*r + 5. Let c(f) = 28 - 14 - 17 - 3*f. Let u(d) = -d**3 + 3*d**2 + 9*d + 1. Let l be u(5). Let q(s) = l*i(s) - 5*c(s). What is q(-5)?
0
Let m(a) be the second derivative of -2*a + 2 + 1/3*a**3 - 7*a**2. Give m(10).
6
Let x(d) be the third derivative of -d**5/120 - d**4/6 + 71*d**3/6 - 16*d**2 - 3. Let a(k) be the first derivative of x(k). What is a(-6)?
2
Let d(s) = -12*s**3 + 21*s**2 - 54*s - 17. Let b(j) = -j**3 + 4*j**2 - j + 1. Let k(v) = 11*b(v) - d(v). Give k(-21).
7
Let i(c) = 13*c + 24. Let x(n) = -4*n - 8. Let z(v) = -2*i(v) - 7*x(v). Suppose -23*r = -11*r - 36. Suppose q + p - 4*p = r, -3*p = -4*q - 15. Give z(q).
-4
Let z(c) = 5*c**2 - 9*c - 2. Let p(a) = -2*a**2 + 4*a + 1. Let j(h) = 7*p(h) + 3*z(h). Let d = -18626 - -18623. Calculate j(d).
7
Let g be ((-6 + 6)/(-2))/1. Suppose g = 5*m, 6*x - 12 = 3*x + 3*m. Let p(v) = -3*v**2 + 2*v - 1 + 0*v + 2*v**2. Give p(x).
-9
Suppose -4 = -4*n + 16. Let v = 597 - 593. Let g(m) = 0 + m**3 + 7 - 4*m**2 - 8*m - v + 3 + 0*m**2. Determine g(n).
-9
Let u(f) = 59*f - 13 - 28 + 39 - 109 - 175. Give u(5).
9
Let o be -10*(4 - (-2871)/(-715)) + 33/39. Let w(z) = 8*z**2 - 6*z. Let j(n) = 7*n**2 - 7*n. Let b(m) = 5*j(m) - 6*w(m). Calculate b(o).
-12
Suppose -2*o + 10 = -2*g, -4*g + g - 5*o = 15. Let w(s) = -4*s + 4*s + 4 - 2*s + 3*s + s. Determine w(g).
-6
Let r(w) = -w**2 + 6*w - 10. Let o = -7055 + 7060. Determine r(o).
-5
Let b(h) = -h**3 + h**2 - 9. Suppose 2*i = i - 33. Let k = i + 43. Suppose 4*r - 5*q = -k, 5*q = -5*r - 6 + 16. Determine b(r).
-9
Suppose -22*g - 156 = -26*g - 3*z, 44 = g + 2*z. Suppose -188 = -g*v + 83*v. Let p(i) = -2*i + 1. Let d(u) = -8*u + 4. Let s(l) = -6*d(l) + 22*p(l). Give s(v).
-18
Let q(v) = -6*v + 246. Let i(r) = -17*r - 62. Let a be i(-6). Let p be q(a). Let l(z) = -z**2 + 12*z - 34. Determine l(p).
2
Let f(y) = -25*y + 128. Let p = -27144 + 27149. Calculate f(p).
3
Let c be (-38)/13 + 0 - (-8)/(-104). Let p(v) = -v**2 - 7 - 12*v + 6*v - v**2 + 0*v**2. Calculate p(c).
-7
Let u(q) = 4*q - 13. Let f be u(5). Let o = -1 - -9. Let d(i) = f - o + 5 - i. What is d(5)?
-1
Let d be (-9)/108 + (-305)/(-60). Let u(l) be the second derivative of 2*l**3/3 + l**2 - 2*l. What is u(d)?
22
Let i(m) = 5*m**2 - 3 + 3*m - 4*m**2 - 1. Let w(h) = 3*h + 32. Let l = -71 - -59. Let o be w(l). Determine i(o).
0
Let t(y) = -y**2 - 8*y + 108. Let s be t(7). Let k(w) = -3551*w**2 + 2*w + 3*w**3 + 3546*w**2 - w - 3*w**3 + w**s - 3. What is k(4)?
-15
Let h(r) be the first derivative of -r**4/24 + 3*r**3/2 + r**2/2 + 17*r - 49. Let x(g) be the second derivative of h(g). What is x(7)?
2
Let b(r) be the first derivative of -r**3/3 - 9*r**2/2 - 3*r - 1153. What is b(-7)?
11
Let i = -79 + 89. Let w = 6 + -1. Suppose -5*a = 5*h - w, -4*a + i = -h - 9. Let f(x) = x**3 - 3*x**2 - 5*x + 3. Give f(a).
-1
Let m(n) = -279*n - 86*n**3 - 1 + 4*n**2 + 85*n**3 - 17 + 283*n. Determine m(3).
3
Let s(w) = -7 + 5 - w**2 - 11 + 5*w + 4*w. Suppose 3*d + 3*c = 39, -2*c + 42 = 935*d - 931*d. What is s(d)?
-5
Suppose 6*a = 14*a - 56. Suppose 11*i = a*i + 8. Let d(j) = 23*j + i*j**2 - 20*j - 3 + 0. Calculate d(-3).
6
Suppose 12 = 2*m + 5*b, 0 = -4*m + 2*b - 21 - 3. Let c be 1/((-345)/(-85) + m). Let n be 4/(-16) - c/(-4). Let q(j) = -j**2 + 7*j - 6. Calculate q(n).
6
Let a(x) = 14*x - 5. Let h(v) = -154*v - 145*v + 294*v + 2. Let d(r) = 6*a(r) + 17*h(r). Determine d(-5).
9
Suppose -7*s + 7*s + 31*s = -21*s. Let l(f) be the third derivative of 0 + 0*f + 0*f**4 - f**2 - 1/120*f**6 - 1/2*f**3 - 1/60*f**5. What is l(s)?
-3
Let l be 57/9 - 4/(-6). Suppose 2*j + 314 = 318. Let i(v) = j + 10*v - 14*v + 5 + 3*v + 5. What is i(l)?
5
Let a(b) = -b**2 + 43*b - 188. Suppose 0 = 6*h + 903*h - 4545. What is a(h)?
2
Let t(r) be the first derivative of r**3/3 + 9*r**2/2 - 11*r - 1528. Determine t(-7).
-25
Let m = -307 + 318. Let y(h) = 18*h - 198. Let l be y(m). Let q(b) be the second derivative of -b**3/6 - 3*b**2/2 + b. Calculate q(l).
-3
Let d(r) = r**3 - 5*r**2 + 0*r**2 - 3*r - 11*r**2 + 11*r**2 + 6 - 4*r. Let h be (7/(-21))/(2/102). Let l = 23 + h. What is d(l)?
0
Let u = 188 + -190. Let o(n) = 3*n**3 + 7*n**2 + 3*n. Let s(h) = -13*h**3 - 28*h**2 - 12*h - 1. Let b(m) = u*s(m) - 9*o(m). What is b(-5)?
-33